42 + 17144. What is the hundreds digit of q?
8
Let g(p) = 8*p - 29. Let t(n) = 6*n - 30. Let w(k) = 7*g(k) - 6*t(k). Let a be (-1)/(-1)*-3 - -10. What is the tens digit of w(a)?
1
Let a(l) = 18063*l - 12646. What is the ten thousands digit of a(5)?
7
Let n(r) = -r**3 - 15*r**2 + 14*r - 36. Let j be n(-16). Let s be (14 - 16)/(j/594). Suppose 5*i - s = 3*x, x = -0*i - 3*i + 167. What is the tens digit of i?
5
Let i = 11372 - 6627. What is the units digit of i?
5
Let f be (((-128)/24)/4)/((-8)/6). Suppose -5*x = -4*x - f, 5*g + 3*x - 2018 = 0. What is the hundreds digit of g?
4
Suppose -24*i - 2917 = 1811. What is the tens digit of i + 202 - -2*1270/4?
4
Let j = -1 + -3. Let h(v) = -146*v - 34. Let f(t) = 179*t + 33. Let s(i) = 3*f(i) + 4*h(i). What is the units digit of s(j)?
1
Let n(j) = j**3 + 7*j**2 - 4*j - 31. Let x be n(-7). What is the hundreds digit of 163 + (40/16)/(x/(-6))?
1
Let w(y) = -y + 6. Let a be w(4). Let n(d) = -8*d + 174. Let o be n(0). Suppose -592 = -a*b - o. What is the units digit of b?
9
Suppose -111*a - 41*a = -327670 - 1272586. What is the ten thousands digit of a?
1
Let p be 2/4*0/(-3). Let o be 1/(-3 - (-30)/9 - p). What is the tens digit of o/(2 - (-1 - (-336)/113))?
1
What is the units digit of (-135)/(-450) + 419635/50?
3
Let h = -164 - 707. Let f = h + 1463. What is the tens digit of f?
9
Let p(n) = -n**3 - n**2 + n + 1. Let l be p(-1). Suppose 5*h + l*h = 4*g + 2363, 4*g = -8. What is the units digit of h?
1
Let b = -210 - -202. What is the units digit of (19 + b)/11*(1 + 143)?
4
Suppose -w - 5*c + 12 = 0, -3*w - 2*c + 12 = 2. Suppose 0 = 5*q + y - 149, q - w*q + 3*y = -17. Let j = 130 - q. What is the tens digit of j?
0
Let y(d) = 59*d**2 + 1226*d - 59. What is the tens digit of y(-29)?
0
Suppose 2*s - 9 = c - 31, 5*c - 138 = 3*s. Suppose c*y = 28*y + 8. What is the units digit of y/(-8) + (165/(-6))/(-5)?
5
Let a = 235 + -238. Suppose 9*m - 4*m - g + 78 = 0, 5*g = -5*m - 60. What is the units digit of (a - -3)/4 - m?
5
Let w(t) = 601*t**2 - 208*t - 1389. What is the tens digit of w(-7)?
1
Let g be -6 - 1/((-6)/54). Suppose 4*a = -g*j + 834, -5*a - 3*j = j - 1042. What is the units digit of a?
0
Let j(s) = -35*s - 3. Let p be 212/12 - (0 + (-2)/(-3)). Suppose -l + 2*f = -9, 4*f + p = 4*l - l. What is the units digit of j(l)?
2
Let g(n) = n**2 - 4*n + 146. Let z be g(22). Suppose -4*u + 2*y + z = 0, -2*u - 4*y + 524 = 2*u. What is the tens digit of u?
3
What is the units digit of 10207 - ((-28)/12 - (-15)/45)?
9
Let n be -45 + 6/(4 - 2). Let d be -5 + n + 5 + -1 + 0. Let k = d + 72. What is the tens digit of k?
2
Let g(a) = -a**3 + 9*a**2 - 9*a - 8. Let z(u) = -3*u**2 + 45*u + 6. Let d be z(15). Let n be g(d). Let k = n - -114. What is the units digit of k?
0
Let c(m) = 3*m**2 + 9*m + 6. Let f be c(11). Let y = 60 + -60. Suppose 2*w + w - f = y. What is the hundreds digit of w?
1
Suppose 55*o = -7*o + 2728. Let s = o - -1611. What is the units digit of s?
5
Let q(h) = h**2 - 12*h - 20. Let v(f) = 19*f**2 - 13*f**2 + 1 - f - 2 + 10*f**2. Let r be v(1). What is the units digit of q(r)?
8
Let l(i) be the second derivative of i**5/10 - i**4/4 + 7*i**3/6 - i**2 + 21*i. Let r = 29 - 26. What is the units digit of l(r)?
6
Let i = -49 - -52. Let v(q) = -i*q - 1430 + 1430. What is the units digit of v(-18)?
4
Suppose -173*i = -260*i + 366618. What is the hundreds digit of i?
2
Let f be 11 + 225/(-20) - (-450)/8. Let q(d) = 3*d - 3. Let m be q(7). Let w = m + f. What is the units digit of w?
4
Let k = 265 + -262. Suppose 2*y = k*x - 2*x + 250, 5*x = 0. What is the tens digit of y?
2
Let o be 14*((0 - 3) + (-6 - -11)). Suppose 1256 = 2*s + o. What is the tens digit of s?
1
Let i(k) be the first derivative of k**3/3 - 21*k**2 - 159*k - 154. What is the hundreds digit of i(48)?
1
Suppose 20*r = -5*x + 21*r + 3438, -3*r - 1383 = -2*x. Suppose -4*a = -l - 2736, -2*a = -3*a + l + x. What is the units digit of a?
3
Suppose 2*x - 23 = -23. Suppose -4*s - 5 = s + w, x = 4*s + 4*w + 20. Let i(r) = r**3 - 2*r + 170. What is the units digit of i(s)?
0
Let h = -272 + 272. Suppose h = 45*j + 18*j - 96012. What is the tens digit of j?
2
Let j be (-1)/2 - 55/2. Let h = -23 - j. Let k = 14 + h. What is the units digit of k?
9
Let m(v) = v**3 + 35*v**2 + 8*v - 4. What is the thousands digit of m(-21)?
6
Suppose -5*c + l + 4 = -46, 1 = -c - 2*l. Suppose -2*m - 3*j = 43, -m - c = -5*j + 19. What is the units digit of m*(-6 - (-6 - -2))?
6
Let f be 21/(5/4 - (-2)/8). Suppose -4*m = -f*m + 7050. What is the units digit of m?
5
Let g be ((-35)/15)/((-1)/3). Let z(u) = -6*u**2 + 69*u + 3. What is the units digit of z(g)?
2
Let q(u) be the third derivative of u**5/10 - u**4/24 - 17*u**3/6 + 16*u**2. What is the units digit of q(4)?
5
Let d(x) = x**3 - 55*x**2 - 68*x + 674. Let f be d(56). Let h(r) = 3*r**3 - 2*r**2 - 2*r. Let k be h(2). What is the units digit of k/5 - f - 774/(-15)?
2
Suppose -22*y + 19*y = -15, 0 = 5*o + y - 104515. What is the hundreds digit of o?
9
What is the tens digit of (-93628)/(-18) - (-1140)/2565?
0
Suppose 0 = -0*t - 2*t + 288. Let v(s) = s - 12. Let x be v(22). Suppose x*y + t = 11*y. What is the hundreds digit of y?
1
Let q be ((-6)/(-5))/(2/(-135)). Let b = 1472 + q. What is the units digit of b?
1
Suppose 10*y - 14*y + 644 = 0. Suppose i = 67 + y. Suppose 195 = 9*c - i. What is the tens digit of c?
4
Let p = 80 + -14. Let q = p + -175. What is the units digit of (-1 - -5)/(-8) + q/(-2)?
4
Let x(n) = 3224*n - 30*n**2 - 3171*n + 104*n**3 + 123*n**3 + 2. What is the hundreds digit of x(2)?
8
Let r(m) = 10683*m + 3852. What is the hundreds digit of r(3)?
9
Let s = -52749 - -77959. What is the units digit of s?
0
Let v be (1 - (-9)/(-11)) + 2644/(-22). What is the tens digit of (-1681)/(-5) - (-24)/v?
3
Suppose 5*t = 5*w - 1725 - 2100, w + 4*t - 740 = 0. Suppose 0*c - 3*b = 5*c - 765, -5*c = 2*b - w. What is the units digit of c?
0
Let t be 56/(-476) + (-17546)/(-17). Suppose -t = 16*l - 4456. What is the tens digit of l?
1
Let s(z) = 11*z + 126. Let w be s(-8). Let j(p) = 2*p**2 - 73*p + 52. What is the units digit of j(w)?
6
Suppose -4 = 2*p - p, 2 = 3*s + p. Let q(g) = 20*g**2 + s - 7*g + 3 - 4. What is the tens digit of q(2)?
6
Let v = 422 - 266. Suppose -v = -5*w - 61. What is the tens digit of w?
1
Suppose -5*x + 7320 = 5*i, -113*i = -3*x - 114*i + 4398. What is the thousands digit of x?
1
Suppose 0 = 551*b - 555*b + 31072. What is the units digit of b?
8
Let i = 14018 + 21091. What is the tens digit of i?
0
Let i(w) be the third derivative of -13/3*w**3 - 9*w**2 + 0 + 1/6*w**4 - 1/120*w**6 - 13/60*w**5 + 0*w. What is the hundreds digit of i(-14)?
1
Suppose 29172 = 4*u - 4*l, l + 81 = 82. What is the tens digit of u?
9
What is the thousands digit of ((-3962)/(-12))/(22/132)?
1
Let l(g) = g**3 + 27*g**2 + 33*g - 46. Let u be 40/(-2) + (3 - 8). What is the units digit of l(u)?
9
What is the thousands digit of (30509/2)/(7*31/434)?
0
Let q = 23842 - 5169. What is the ten thousands digit of q?
1
Suppose t + 4*q - 20 = 0, -2*q + 0 = -t - 10. Let j(v) = -v**2 + 7*v - 3. Let i be j(3). Let l = i + t. What is the units digit of l?
9
What is the tens digit of 18475/15*126/15?
4
Let u(b) be the second derivative of 39*b**2 - 3*b**4 - 18*b - 43*b**2 + 4*b**4. What is the hundreds digit of u(-3)?
1
Suppose 4*f = -2*i + f + 847, 0 = i - 2*f - 434. Suppose -15*d + i = -2977. What is the tens digit of d?
2
Suppose 3*c + 2*c + 343 = -3*w, 5 = 5*c. Let y be (w/(-6))/((-24)/(-9) - 3). What is the tens digit of (y/8)/((-6)/96)?
1
Let q = 12647 + -2057. What is the ten thousands digit of q?
1
Suppose -3*r + 2*a + 36 = -19, 38 = 2*r - a. Suppose r - 436 = -5*i. Let h = -27 + i. What is the units digit of h?
6
Suppose -4*g - 125 = g. Let f = g - -31. Suppose -f*y + 2*y = -20. What is the units digit of y?
5
Let w(y) = y**3 - 20*y**2 - 25*y + 87. Let n be w(21). Suppose -2*i = 8, 5*i + 237 + 116 = n*g. What is the tens digit of g?
1
Suppose -6 = -4*r + r. Suppose -p = -5*l + 15, 0*p - 5*p - 6 = -r*l. Suppose -4*d + 2*d - 78 = -3*w, -2*w + 3*d + 57 = p. What is the tens digit of w?
2
Let m(j) = 421*j - 808. What is the ten thousands digit of m(41)?
1
Let t(h) = h**3 + 9*h + 505. Let s be t(0). Let f = 1068 - s. What is the hundreds